[INFO] fetching crate blake3 0.3.6...
[INFO] checking blake3-0.3.6 against master#af3c6e733a40e671550e0f0f5aeecaa13772ba56 for pr-74989
[INFO] extracting crate blake3 0.3.6 into /workspace/builds/worker-8/source
[INFO] validating manifest of crates.io crate blake3 0.3.6 on toolchain af3c6e733a40e671550e0f0f5aeecaa13772ba56
[INFO] running `Command { std: "/workspace/cargo-home/bin/cargo" "+af3c6e733a40e671550e0f0f5aeecaa13772ba56" "read-manifest" "--manifest-path" "Cargo.toml", kill_on_drop: false }`
[INFO] started tweaking crates.io crate blake3 0.3.6
[INFO] finished tweaking crates.io crate blake3 0.3.6
[INFO] tweaked toml for crates.io crate blake3 0.3.6 written to /workspace/builds/worker-8/source/Cargo.toml
[INFO] running `Command { std: "/workspace/cargo-home/bin/cargo" "+af3c6e733a40e671550e0f0f5aeecaa13772ba56" "generate-lockfile" "--manifest-path" "Cargo.toml" "-Zno-index-update", kill_on_drop: false }`
[INFO] running `Command { std: "/workspace/cargo-home/bin/cargo" "+af3c6e733a40e671550e0f0f5aeecaa13772ba56" "fetch" "--locked" "--manifest-path" "Cargo.toml", kill_on_drop: false }`
[INFO] running `Command { std: "docker" "create" "-v" "/var/lib/crater-agent-workspace/builds/worker-8/target:/opt/rustwide/target:rw,Z" "-v" "/var/lib/crater-agent-workspace/builds/worker-8/source:/opt/rustwide/workdir:ro,Z" "-v" "/var/lib/crater-agent-workspace/cargo-home:/opt/rustwide/cargo-home:ro,Z" "-v" "/var/lib/crater-agent-workspace/rustup-home:/opt/rustwide/rustup-home:ro,Z" "-e" "SOURCE_DIR=/opt/rustwide/workdir" "-e" "CARGO_TARGET_DIR=/opt/rustwide/target" "-e" "CARGO_HOME=/opt/rustwide/cargo-home" "-e" "RUSTUP_HOME=/opt/rustwide/rustup-home" "-w" "/opt/rustwide/workdir" "-m" "1610612736" "--user" "0:0" "--network" "none" "rustops/crates-build-env@sha256:d92eaeed33fa75130ca1ee6c8a01d1ffb62bac859dfdfb3450e3e5d1c0146529" "/opt/rustwide/cargo-home/bin/cargo" "+af3c6e733a40e671550e0f0f5aeecaa13772ba56" "metadata" "--no-deps" "--format-version=1", kill_on_drop: false }`
[INFO] [stdout] d62110c5d01ca87ef7b46aa6ec37830651d85bcecffb108a2b3656a8278faeb4
[INFO] [stderr] WARNING: Your kernel does not support swap limit capabilities or the cgroup is not mounted. Memory limited without swap.
[INFO] running `Command { std: "docker" "start" "-a" "d62110c5d01ca87ef7b46aa6ec37830651d85bcecffb108a2b3656a8278faeb4", kill_on_drop: false }`
[INFO] running `Command { std: "docker" "inspect" "d62110c5d01ca87ef7b46aa6ec37830651d85bcecffb108a2b3656a8278faeb4", kill_on_drop: false }`
[INFO] running `Command { std: "docker" "rm" "-f" "d62110c5d01ca87ef7b46aa6ec37830651d85bcecffb108a2b3656a8278faeb4", kill_on_drop: false }`
[INFO] [stdout] d62110c5d01ca87ef7b46aa6ec37830651d85bcecffb108a2b3656a8278faeb4
[INFO] running `Command { std: "docker" "create" "-v" "/var/lib/crater-agent-workspace/builds/worker-8/target:/opt/rustwide/target:rw,Z" "-v" "/var/lib/crater-agent-workspace/builds/worker-8/source:/opt/rustwide/workdir:ro,Z" "-v" "/var/lib/crater-agent-workspace/cargo-home:/opt/rustwide/cargo-home:ro,Z" "-v" "/var/lib/crater-agent-workspace/rustup-home:/opt/rustwide/rustup-home:ro,Z" "-e" "SOURCE_DIR=/opt/rustwide/workdir" "-e" "CARGO_TARGET_DIR=/opt/rustwide/target" "-e" "CARGO_INCREMENTAL=0" "-e" "RUST_BACKTRACE=full" "-e" "RUSTFLAGS=--cap-lints=forbid" "-e" "CARGO_HOME=/opt/rustwide/cargo-home" "-e" "RUSTUP_HOME=/opt/rustwide/rustup-home" "-w" "/opt/rustwide/workdir" "-m" "1610612736" "--user" "0:0" "--network" "none" "rustops/crates-build-env@sha256:d92eaeed33fa75130ca1ee6c8a01d1ffb62bac859dfdfb3450e3e5d1c0146529" "/opt/rustwide/cargo-home/bin/cargo" "+af3c6e733a40e671550e0f0f5aeecaa13772ba56" "check" "--frozen" "--all" "--all-targets" "--message-format=json", kill_on_drop: false }`
[INFO] [stdout] 844354aa480692ca9a22eb79303b3aa01f217e934fbdbd232e1fc33597e37a4e
[INFO] [stderr] WARNING: Your kernel does not support swap limit capabilities or the cgroup is not mounted. Memory limited without swap.
[INFO] running `Command { std: "docker" "start" "-a" "844354aa480692ca9a22eb79303b3aa01f217e934fbdbd232e1fc33597e37a4e", kill_on_drop: false }`
[INFO] [stderr]    Compiling libc v0.2.77
[INFO] [stderr]    Compiling version_check v0.9.2
[INFO] [stderr]    Compiling typenum v1.12.0
[INFO] [stderr]     Checking cfg-if v0.1.10
[INFO] [stderr]     Checking subtle v2.3.0
[INFO] [stderr]     Checking arrayvec v0.5.1
[INFO] [stderr]     Checking hex v0.4.2
[INFO] [stderr]    Compiling blake3 v0.3.6 (/opt/rustwide/workdir)
[INFO] [stderr]    Compiling generic-array v0.14.4
[INFO] [stderr]     Checking getrandom v0.1.15
[INFO] [stderr]     Checking page_size v0.4.2
[INFO] [stderr]     Checking rand_core v0.5.1
[INFO] [stderr]     Checking rand_chacha v0.2.2
[INFO] [stderr]     Checking rand v0.7.3
[INFO] [stderr]     Checking digest v0.9.0
[INFO] [stderr]     Checking crypto-mac v0.8.0
[INFO] [stdout] error[E0433]: failed to resolve: use of undeclared type or module `reference_impl`
[INFO] [stdout]    --> benches/bench.rs:329:42
[INFO] [stdout]     |
[INFO] [stdout] 329 |         let mut hasher = reference_impl::Hasher::new();
[INFO] [stdout]     |                                          ^^^^^^ not found in `reference_impl`
[INFO] [stdout]     |
[INFO] [stdout] help: consider importing one of these items
[INFO] [stdout]     |
[INFO] [stdout] 5   | use blake3::Hasher;
[INFO] [stdout]     |
[INFO] [stdout] 5   | use core::hash::Hasher;
[INFO] [stdout]     |
[INFO] [stdout] 5   | use std::hash::Hasher;
[INFO] [stdout]     |
[INFO] [stdout] 
[INFO] [stdout] 
[INFO] [stdout] error[E0433]: failed to resolve: use of undeclared type or module `reference_impl`
[INFO] [stdout]    --> src/test.rs:203:43
[INFO] [stdout]     |
[INFO] [stdout] 203 |     assert_eq!(1880, core::mem::size_of::<reference_impl::Hasher>());
[INFO] [stdout]     |                                           ^^^^^^^^^^^^^^ use of undeclared type or module `reference_impl`
[INFO] [stdout] 
[INFO] [stdout] 
[INFO] [stdout] error[E0433]: failed to resolve: use of undeclared type or module `reference_impl`
[INFO] [stdout]    --> src/test.rs:267:56
[INFO] [stdout]     |
[INFO] [stdout] 267 |             let mut reference_hasher = reference_impl::Hasher::new();
[INFO] [stdout]     |                                                        ^^^^^^ not found in `reference_impl`
[INFO] [stdout]     |
[INFO] [stdout] help: consider importing one of these items
[INFO] [stdout]     |
[INFO] [stdout] 1   | use core::hash::Hasher;
[INFO] [stdout]     |
[INFO] [stdout] 1   | use crate::Hasher;
[INFO] [stdout]     |
[INFO] [stdout] 1   | use std::hash::Hasher;
[INFO] [stdout]     |
[INFO] [stdout] 
[INFO] [stdout] 
[INFO] [stdout] error[E0433]: failed to resolve: use of undeclared type or module `reference_impl`
[INFO] [stdout]    --> src/test.rs:288:56
[INFO] [stdout]     |
[INFO] [stdout] 288 |             let mut reference_hasher = reference_impl::Hasher::new_keyed(&TEST_KEY);
[INFO] [stdout]     |                                                        ^^^^^^ not found in `reference_impl`
[INFO] [stdout]     |
[INFO] [stdout] help: consider importing one of these items
[INFO] [stdout]     |
[INFO] [stdout] 1   | use core::hash::Hasher;
[INFO] [stdout]     |
[INFO] [stdout] 1   | use crate::Hasher;
[INFO] [stdout]     |
[INFO] [stdout] 1   | use std::hash::Hasher;
[INFO] [stdout]     |
[INFO] [stdout] 
[INFO] [stdout] 
[INFO] [stdout] error[E0433]: failed to resolve: use of undeclared type or module `reference_impl`
[INFO] [stdout]    --> src/test.rs:310:56
[INFO] [stdout]     |
[INFO] [stdout] 310 |             let mut reference_hasher = reference_impl::Hasher::new_derive_key(context);
[INFO] [stdout]     |                                                        ^^^^^^ not found in `reference_impl`
[INFO] [stdout]     |
[INFO] [stdout] help: consider importing one of these items
[INFO] [stdout]     |
[INFO] [stdout] 1   | use core::hash::Hasher;
[INFO] [stdout]     |
[INFO] [stdout] 1   | use crate::Hasher;
[INFO] [stdout]     |
[INFO] [stdout] 1   | use std::hash::Hasher;
[INFO] [stdout]     |
[INFO] [stdout] 
[INFO] [stdout] 
[INFO] [stdout] error[E0433]: failed to resolve: use of undeclared type or module `reference_impl`
[INFO] [stdout]    --> src/test.rs:333:38
[INFO] [stdout]     |
[INFO] [stdout] 333 |     let mut hasher = reference_impl::Hasher::new();
[INFO] [stdout]     |                                      ^^^^^^ not found in `reference_impl`
[INFO] [stdout]     |
[INFO] [stdout] help: consider importing one of these items
[INFO] [stdout]     |
[INFO] [stdout] 1   | use core::hash::Hasher;
[INFO] [stdout]     |
[INFO] [stdout] 1   | use crate::Hasher;
[INFO] [stdout]     |
[INFO] [stdout] 1   | use std::hash::Hasher;
[INFO] [stdout]     |
[INFO] [stdout] 
[INFO] [stdout] 
[INFO] [stdout] error: aborting due to previous error
[INFO] [stdout] 
[INFO] [stdout] 
[INFO] [stdout] For more information about this error, try `rustc --explain E0433`.
[INFO] [stdout] 
[INFO] [stderr] error: could not compile `blake3`.
[INFO] [stderr] 
[INFO] [stderr] To learn more, run the command again with --verbose.
[INFO] [stderr] warning: build failed, waiting for other jobs to finish...
[INFO] [stdout] error: aborting due to 5 previous errors
[INFO] [stdout] 
[INFO] [stdout] 
[INFO] [stdout] For more information about this error, try `rustc --explain E0433`.
[INFO] [stdout] 
[INFO] [stderr] error: build failed
[INFO] running `Command { std: "docker" "inspect" "844354aa480692ca9a22eb79303b3aa01f217e934fbdbd232e1fc33597e37a4e", kill_on_drop: false }`
[INFO] running `Command { std: "docker" "rm" "-f" "844354aa480692ca9a22eb79303b3aa01f217e934fbdbd232e1fc33597e37a4e", kill_on_drop: false }`
[INFO] [stdout] 844354aa480692ca9a22eb79303b3aa01f217e934fbdbd232e1fc33597e37a4e
